 (-6)/(-2). Suppose 4*n = x*n - 395. What is the units digit of n?
9
Let x(i) = i**2 + 3*i - 14. Let b be x(-6). Suppose -281 + 96 = -b*k + 5*t, 100 = 3*k + 4*t. What is the units digit of k?
0
Suppose 59*j - 98720 = 27*j. What is the tens digit of j?
8
Suppose 10 = 5*u - 5*g, 2*g + 0 - 4 = -2*u. Suppose -u*l = 9*l - 2464. What is the units digit of l?
4
Let v be (2 - 10)/(-4) + 6. Let j(q) = -q**3 - 3*q**2 - 7*q - 1. Let r be j(-5). Suppose 5*a - v*a = -r. What is the tens digit of a?
2
Suppose -21*r - 17541 = -65967. What is the units digit of r?
6
Let f be (-2 + -3 + 5)/(-1). Let t(q) = q + 9. Let k be t(f). Suppose -k*b + 5 = -4*b. What is the units digit of b?
1
Let l = -163 + 183. What is the units digit of l?
0
Let q(j) = 98*j**2 + 6*j - 8. What is the hundreds digit of q(2)?
3
Let v = 4 - -511. What is the hundreds digit of v?
5
Let w = -560 - -938. Suppose 4*x + 3*a = w, 3*x + 4*a - 194 - 93 = 0. Suppose -6*u - 15 = -x. What is the tens digit of u?
1
Let v = 295 - -123. What is the tens digit of v?
1
Suppose 0 = -5*m - 1109 + 1894. What is the tens digit of m?
5
Suppose 0 = -60*g + 95956 + 704. What is the hundreds digit of g?
6
Suppose 2*x - 33 - 91 = 0. What is the units digit of x?
2
Let m be (52/39)/((-4)/(-15)). Suppose -m*n + 135 = -c + 3*c, 2*n - 55 = -c. What is the tens digit of n?
2
Let b(m) = -m**3 - 4*m**2 - 3*m + 2. Let i be b(-3). Suppose -i*r + 34 = -42. What is the tens digit of r?
3
Let q(i) = -40*i - 40. Let u(w) = 13*w + 13. Let l(r) = -3*q(r) - 10*u(r). What is the units digit of l(-4)?
0
Suppose 13*z + 5159 = 24*z. What is the units digit of z?
9
Let r(w) = -w**2 + 12*w - 11. Let z be r(11). Suppose -4*o + v = -z*o - 21, -2*o + v = -11. What is the units digit of o?
5
Let v(x) = -6*x**2 - 9*x + 2*x**2 - 15 - x**3 + 16*x**2. Let i be (7 + -10)/((-18)/66). What is the units digit of v(i)?
7
Let f(q) = 9*q**2 + 3*q - 16. What is the units digit of f(-3)?
6
Suppose 3*v - 4*v - 2 = 0, -4*o + 18 = -v. Suppose 0 = -o*b - 77 + 569. What is the tens digit of b?
2
Let n = -152 + 605. What is the units digit of n?
3
Suppose 2*r - 3631 - 1807 = 0. What is the thousands digit of r?
2
Suppose -s + 244 = -2*p, 4*p + 980 = -10*s + 14*s. What is the tens digit of s?
4
Let w be (-1)/(-4) - (-14)/8. Suppose -w*z = -3*x + 2, -7 = -z - 2*x - 1. Suppose 4*t = u + 102, 8*t + z*u - 121 = 3*t. What is the units digit of t?
5
Let z(m) = -m**3 + 2*m**2 + m - 5. Let i = -42 + 39. What is the units digit of z(i)?
7
Let f(u) = -3*u - 14. Let n(v) = -8*v + 34. Let p be n(6). What is the tens digit of f(p)?
2
Let u = -6 - -14. Let z(w) = 6 - 2*w - 14 - 12 + u*w. What is the units digit of z(8)?
8
Suppose -n - 6 = -2*a, -12 + 3 = 4*n - 3*a. Suppose q + n = -5. Let x = q - -35. What is the units digit of x?
0
Let c(w) be the first derivative of w**4 - w**3 + 3*w**2/2 + 3. Suppose -13 = -4*z - 5. What is the tens digit of c(z)?
2
Let u(q) = 4*q**3 - 43*q**2 - 11*q + 46. What is the hundreds digit of u(16)?
2
Suppose 4*x = -5*o - 10, -4 = 4*x + 16. What is the tens digit of 58 + (-1)/(o/(-8))?
6
Let z = -675 + 706. What is the tens digit of z?
3
Let r = 4006 - 2284. What is the units digit of r?
2
Let m be 268/10 + 2/10. Suppose -127 = -5*w - m. What is the units digit of w?
0
Suppose 22 - 14 = 4*x. Suppose 3*b = -2*c - 2*b + 71, -154 = -4*c + x*b. What is the tens digit of c?
3
Suppose 19895 = 16*k + 5815. What is the hundreds digit of k?
8
Suppose 4*k + 3 = 7*k. What is the units digit of (0 - (7 + -4)) + (92 - k)?
8
Suppose 38686 = 34*k - 67394. What is the tens digit of k?
2
Let f = -123 - -20. Let v = f - -34. Let j = -40 - v. What is the units digit of j?
9
Let c be (14/(-4))/(1/(-2)). Suppose -12*d + 45 = -87. Let q = c + d. What is the tens digit of q?
1
Let o be (-673)/(-5) - 2/(-5). Suppose 4*d + 183 + 73 = 3*t, 0 = 2*t - 3*d - 171. Let h = o - t. What is the units digit of h?
1
Suppose n = -r - 4, 12 + 12 = -5*r - n. What is the units digit of r/35 - (-864)/21?
1
Suppose -u - 2*f = -520, 3*u - 4*f + 276 - 1816 = 0. What is the tens digit of u?
1
What is the hundreds digit of 4*(233 - 2) - (-54)/(-18)?
9
Let d = -197 - -2. What is the units digit of d/10*32/(-6)?
4
What is the hundreds digit of (5954/(-8))/(-13)*24?
3
Let u(c) = -15*c + 1. Let o be u(-1). Suppose -o*l = -4*l - 180. What is the units digit of l?
5
Let y(m) = -m**2 + 3*m + 8. Let k be y(4). Suppose -60 = -k*g + 2*g. What is the tens digit of g?
3
What is the units digit of (3 - 25/10)/(1/540)?
0
Suppose 1 = -13*f + 12*f. Let c(o) = -o + 1. Let r(t) = -t**2 + 3*t - 3. Let x(l) = f*r(l) - 3*c(l). What is the units digit of x(-3)?
9
Let z = 275 - -91. What is the units digit of z?
6
Suppose 0 = 4*t + 3*f - 2687, -t - 2*t + 2031 = -3*f. Suppose -2*n + 238 = r + 3*n, -3*r = -5*n - t. What is the tens digit of r?
2
Let c be (-2 - (-64)/6)*-3. Let o = 28 + c. Suppose 2*v = -5*x + 52, -21 = -5*v - o*x + 67. What is the units digit of v?
6
Let j be 1/(-4) - 2/(-8). Suppose 4*n = -4*a + 96, -5*n + 100 = -j*a + a. What is the units digit of n?
9
Let h = -738 + 1610. What is the tens digit of h?
7
Let a(f) = -f**2 - 17*f + 63. Let s be a(-20). Let w(d) = 17*d**2 + 9*d - 5. What is the tens digit of w(s)?
7
Let t = -29 - -37. Suppose 0 = -t*w + 4*w. Suppose -2*j = 3*n - 19, 2*j + w*j - 7 = n. What is the units digit of j?
5
Suppose 4*c - 216 = 632. What is the units digit of c?
2
Suppose -6*y + 2007 = -501. Suppose -8*m + y + 206 = 0. What is the tens digit of m?
7
Let h(p) = 2*p**2 + 22*p + 33. Let z(l) = -2*l**2 + l + 14. Let r be z(4). What is the hundreds digit of h(r)?
1
Let g(z) = 5*z + 6 - 33 + 10. Let q be g(-8). Let r = q + 101. What is the tens digit of r?
4
Let x = 5283 + -2415. What is the tens digit of x?
6
Let t = 235 - 123. Suppose -t = -17*x + 16*x. What is the hundreds digit of x?
1
Let j = -621 + 928. What is the units digit of j/5 - 4/10?
1
What is the units digit of 6387/6 - (3/1)/6?
4
Suppose -12 = 3*k, -3*y + 0*y - 1324 = k. Let m = 758 + y. What is the units digit of m?
8
Suppose 0 = -78*y + 13710 + 183552. What is the thousands digit of y?
2
Suppose 3*v - 37 = -2*f, -5*v - 2*f + f = -71. Let h = v + -13. Suppose 6 = 2*l - h. What is the units digit of l?
4
Let o = 1497 + -1044. What is the units digit of o?
3
Let k(d) = 2*d - 10. Let h be k(-8). Let l = -46 - h. What is the tens digit of (8/(-5))/(1/l)?
3
Let m(r) be the first derivative of -r**3/3 - 7*r**2/2 - 4*r + 5. Let i be m(-7). What is the units digit of -10*-4*(-2)/i?
0
Let x(q) = -q**2 - 59*q - 54. What is the tens digit of x(-20)?
2
Let g = 84 - 62. Let k(n) = -n**3 + 21*n**2 + 28*n + 40. What is the hundreds digit of k(g)?
1
Let b(q) = -2 - 1 + 0 + 16*q**2 + 0. What is the tens digit of b(2)?
6
Let a = 58 + -43. What is the tens digit of a?
1
Suppose 0 = 5*x + 2*y - 6188, y - 768 - 469 = -x. What is the units digit of x?
8
Suppose -m + 8 = 1. Let a = 15 - m. Suppose -j = -o + a, -o - 26 = -3*o + 4*j. What is the units digit of o?
3
Let d be 1222/10 + (-18)/15 + 1. Suppose p = -0*p + d. What is the hundreds digit of p?
1
Let m(x) = 5*x**3 + 2*x**2 - 2*x + 2. Let j be m(2). Let n = 65 - j. Let l = -5 + n. What is the tens digit of l?
1
Let b be -9 + 4*9/12. Let f(z) = -z**2 - z + 3. Let a be f(b). What is the tens digit of -2*(2 + a/2)?
2
Suppose 4*w - 4*u - 1364 = 0, w + 1382 = 5*w + 5*u. Let z = w + -226. What is the hundreds digit of z?
1
Suppose 2*n - r - 852 = 0, 15 = 2*r + 19. What is the hundreds digit of n?
4
Let w(s) = -s**2 + 9*s - 9. Let c be w(7). Suppose -c*a = -p + 74, -5*p - 5 = a - 349. Let n = p + -48. What is the units digit of n?
1
Let i(r) = 16*r**3 - 6*r**2 + 3*r. What is the hundreds digit of i(2)?
1
Let u(p) = -p**2 + 9*p - 6. Let i = -8 - -16. Let k be u(i). Suppose -k*z + 6*z = 68. What is the tens digit of z?
1
Let s(y) = -58*y + 1. What is the hundreds digit of s(-8)?
4
Let n = 5289 + -3379. What is the thousands digit of n?
1
Suppose 5*m + c + 4*c = 0, 4*m = -c - 12. Let d be 62/m*(-72)/(-6). Let y = -113 - d. What is the units digit of y?
3
Suppose 54562 - 14830 = 21*l. What is the units digit of l?
2
Suppose 514 = -n + 4*y + 186, 1274 = -4*n - 3*y. Let x = n + 548. What is the units digit of x?
8
Suppose 4*r - 4*c = 28, 0 = 4*r + c - 17 + 4. Suppose 0 = -5*j - r*y + 511